**2 - 3*h + 2. Give b(1).
6
Let o(s) = s**3 + 12*s**2 - 12*s + 17. What is o(-13)?
4
Let d(q) = q**3 + 16*q**2 + 16*q + 15. What is d(-15)?
0
Let p(z) = -z - 19. What is p(-7)?
-12
Let c(q) = -3*q**3 + 38*q**2 + 13*q - 4. Determine c(13).
-4
Let k(r) = r**2 + 4*r + 1. Calculate k(-2).
-3
Let s(d) = -d**3 + 3*d**2 - 4*d + 4. What is s(1)?
2
Let w(l) = l**3 - 16*l**2 + 16*l + 26. Determine w(15).
41
Let f(b) = b**3 + 3*b**2 + b - 8. Determine f(3).
49
Let q(z) = z**2 - 2*z - 7. What is q(-6)?
41
Let v(h) = -3*h - 103. Calculate v(-31).
-10
Let v(z) = -z**2 - 11*z - 22. What is v(-5)?
8
Let i(t) = -2*t**2 - 19*t - 32. Calculate i(-8).
-8
Let c(z) = -2*z + 7. Give c(7).
-7
Let h(r) = 5*r - 21. Give h(7).
14
Let g(l) = -l**3 - 4*l**2 + 12*l + 26. What is g(-6)?
26
Let p(b) = -4*b - 1. Determine p(-9).
35
Let n(b) = -2*b**2 - 5. Determine n(0).
-5
Let b(j) = -33*j + 3. Give b(0).
3
Let d(r) = -r**3 + 22*r**2 + 23*r + 22. What is d(23)?
22
Let z(m) = 4*m**2 - 56*m - 9. Calculate z(14).
-9
Let v(h) = -2*h**2 + 3*h + 5. Give v(4).
-15
Let w(q) = q**3 + 7*q**2 + 9*q + 8. What is w(-6)?
-10
Let u(s) = -s**3 + s**2 - 4*s + 4. Give u(3).
-26
Let z(s) = -2*s**2 + 2*s - 2. Determine z(1).
-2
Let x(r) = 4*r + 32. Determine x(-3).
20
Let c(t) = -4*t**2 - 19*t + 9. Calculate c(-6).
-21
Let t(d) = -26*d**3 + d**2 - 3*d + 2. Give t(1).
-26
Let i(t) = 36*t - 359. Calculate i(10).
1
Let q(n) = -45*n**3 + 2*n**2 + 3*n + 2. Calculate q(-1).
46
Let g(j) = -2*j + 13. Give g(13).
-13
Let w(j) = j**3 - 12*j**2 + j - 13. Give w(12).
-1
Let s(v) = 12*v - 1. Calculate s(-1).
-13
Let o(n) = 4*n**2 + 4*n + 2. Give o(-1).
2
Let v(c) = c**3 - 5*c**2 + 2*c - 6. Determine v(5).
4
Let g(f) = -f + 6. Determine g(0).
6
Let m(n) = -5*n - 2. Calculate m(8).
-42
Let z(d) = 34*d + 1499. Calculate z(-44).
3
Let t(s) = -2*s - 33. Give t(-18).
3
Let c(a) = -a**3 - a**2 + a + 22. Calculate c(0).
22
Let s(p) = p**2 + 12*p - 3. What is s(-11)?
-14
Let i(c) = -2*c**2 + 2*c + 3. Give i(-2).
-9
Let v(u) = u**2 + 28*u + 28. Give v(-27).
1
Let b(l) = 6*l - 7. Calculate b(3).
11
Let a(j) = 9*j + 115. Give a(-13).
-2
Let i(s) = s**2 - 44*s - 248. Calculate i(-5).
-3
Let r(q) = 29*q**2 - q + 1. Determine r(1).
29
Let f(x) = -2*x - 15. What is f(-7)?
-1
Let t(i) = -2*i**3 + 21*i**2 - 9*i + 9. Determine t(10).
19
Let z(y) = -5*y + 15. What is z(9)?
-30
Let g(t) = 12*t - 11. Determine g(5).
49
Let j(s) = -s**3 - 8*s**2 - 9*s - 9. What is j(-6)?
-27
Let k(s) = -s**3 + 6*s**2 + 90*s - 544. Give k(6).
-4
Let o(d) = -5*d + 95. Give o(14).
25
Let u(j) = -j**2 + 19*j + 12. What is u(20)?
-8
Let c(o) = -o**2 - 6*o + 432. Give c(18).
0
Let k(z) = 36*z - 5. Determine k(1).
31
Let x(r) = r**2 + 4*r + 6. What is x(-4)?
6
Let z(a) = -8*a - 3. Give z(4).
-35
Let j(g) = -2*g**3 + 10*g**2 + 3*g - 9. Determine j(5).
6
Let p(q) = q**3 + 14*q**2 + 10*q - 18. Calculate p(-13).
21
Let h(v) = -v - 13. What is h(-11)?
-2
Let r(g) = -g**3 - 4*g**2 + 9*g + 10. What is r(-6)?
28
Let l(d) = -2*d**3 + 2*d**2 + 5*d - 2. What is l(3)?
-23
Let b(l) = -4*l**2 - 21*l - 15. Determine b(-5).
-10
Let h(g) = -12*g + 829. What is h(69)?
1
Let u(x) = -x**2 + 3*x - 1. Give u(7).
-29
Let i(q) = q - 2. Give i(4).
2
Let d(l) = -3*l + 159. Calculate d(54).
-3
Let p(w) = w**2 - 11*w - 6. Determine p(12).
6
Let s(o) = -o**3 - 23*o**2 - 5*o - 116. Determine s(-23).
-1
Let c(z) = -8*z**2 + 2*z. Determine c(-1).
-10
Let d(c) = -c**3 + 8*c**2 - 4*c + 1. Determine d(5).
56
Let k(n) = -n**3 + 36*n**2 + 33*n + 47. What is k(37)?
-101
Let t(u) = -15*u + 204. Give t(13).
9
Let y(h) = -h**3 - h**2 + 2*h + 5. Determine y(0).
5
Let g(a) = -a**3 - 11*a**2 + a - 2. Calculate g(-11).
-13
Let r(q) = -3*q - 26. Calculate r(-10).
4
Let d(v) = v**3 - 19*v**2 - v + 24. Calculate d(19).
5
Let g(n) = -n**2 + 8*n + 25. Determine g(11).
-8
Let b(n) = -n**2 + 3*n - 20. Determine b(13).
-150
Let c(j) = 4*j - 30. What is c(23)?
62
Let v(g) = -g**3 + 2*g**2 + 3*g - 10. Give v(2).
-4
Let v(l) = 3*l**3 - 8*l**2 - 5*l + 4. Give v(4).
48
Let v(h) = -h**3 + 9*h**2 - 5*h + 34. What is v(9)?
-11
Let m(p) = p**3 + 7*p**2 + 6*p - 4. Give m(-5).
16
Let v(i) = i**2 - 5*i + 4. What is v(5)?
4
Let u(i) = 3*i - 11. What is u(6)?
7
Let o(f) = f**2 - 4*f - 73. Calculate o(-7).
4
Let c(u) = -13*u - 9. Give c(-4).
43
Let d(m) = 13*m + 2. Give d(2).
28
Let y(x) = 2*x**3 + 41*x**2 - 63*x + 67. Determine y(-22).
1
Let o(t) = -t**2 - 7*t + 11. Give o(-8).
3
Let v(p) = 12*p + 5. What is v(-3)?
-31
Let n(v) = -v**2 - 16*v - 11. What is n(-5)?
44
Let z(t) = -7*t - 2. Determine z(-2).
12
Let h(a) = -26*a - 21. Give h(-1).
5
Let z(r) = r**3 + r**2 - r + 45. What is z(0)?
45
Let r(i) = -i**3 + 13*i**2 + 12*i + 22. Determine r(14).
-6
Let v(h) = -h**2 + 53. What is v(10)?
-47
Let l(w) = w**3 + 4*w**2 + 3*w - 3. Determine l(-2).
-1
Let b(z) = -3*z + 2. Determine b(-2).
8
Let j(h) = h - 16. Determine j(-9).
-25
Let j(q) = -q**3 + 11*q**2 + 2*q - 17. Calculate j(11).
5
Let l(h) = 6*h - 183. Determine l(32).
9
Let w(b) = b**3 + 7*b**2 + b - 29. Calculate w(-5).
16
Let n(q) = q**3 - 8*q**2 - 17*q - 16. Calculate n(10).
14
Let v(h) = -2*h**2 - 6. Give v(3).
-24
Let d(p) = -p**3 + 7*p**2 - 6*p + 16. What is d(6)?
16
Let t(j) = j**2 + 15*j + 59. What is t(-10)?
9
Let f(v) = v**3 + 10*v**2 + 11*v + 14. Determine f(-9).
-4
Let v(p) = p + 10. Give v(-6).
4
Let n(t) = t**3 - 3*t**2 - 7*t + 8. Determine n(4).
-4
Let n(z) = 6*z**2 - 4*z + 3. What is n(3)?
45
Let m(p) = -p**3 - 5*p**2 - 22. Give m(-6).
14
Let x(h) = -13*h**2 + 67*h - 7. Calculate x(5).
3
Let b(o) = 4*o - 91. Calculate b(23).
1
Let u(s) = 3*s - 6. Calculate u(-6).
-24
Let j(l) = l**2 - 11*l - 9. Calculate j(10).
-19
Let j(r) = r**3 - 24*r**2 + 7*r - 21. Give j(24).
147
Let u(h) = 2*h**2 + 35*h - 51. What is u(-18)?
-33
Let z(p) = -p**3 - 5*p**2 + p + 9. Determine z(-5).
4
Let i(r) = -5*r + 187. Give i(37).
2
Let a(v) = 108*v**2 - 324*v + 2. Calculate a(3).
2
Let z(l) = -4*l - 44. Calculate z(-9).
-8
Let t(u) = u**3 + 8*u**2 - 3*u - 10. What is t(-8)?
14
Let j(h) = 11*h**3 + h**2. Give j(1).
12
Let o(u) = -14*u + 239. Determine o(18).
-13
Let d(w) = 6*w**2 + 57*w - 57. Determine d(1).
6
Let g(b) = 7*b + 46. Determine g(-6).
4
Let g(f) = -3*f + 38. Calculate g(17).
-13
Let i(t) = -t**3 + t**2 + 3*t - 4. Determine i(3).
-13
Let m(z) = -16*z - 8. Give m(4).
-72
Let a(x) = 15*x - 5. Give a(5).
70
Let b(p) = -p**2 + 6*p - 14. Give b(0).
-14
Let w(r) = -25*r + 286. What is w(12)?
-14
Let a(z) = z - 14. Give a(8).
-6
Let o(x) = -x**3 + 10*x**2 - 8*x + 31. What is o(9)?
40
Let a(r) = -5*r + 52. What is a(24)?
-68
Let t(b) = b**3 + 34*b**2 + 34*b + 22. Determine t(-33).
-11
Let a(o) = o**2 + 7*o - 25. What is a(13)?
235
Let h(t) = -43*t**3 - t**2 - 3*t + 3. Determine h(1).
-44
Let b(k) = k**2 - 13*k + 41. Give b(3).
11
Let j(d) = -d**2 + 7*d + 10. Calculate j(7).
10
Let l(a) = 7*a - 3. Give l(-2).
-17
Let n(v) = -v**2 - 14*v - 1. Calculate n(6).
-121
Let h(w) = -9*w + 36. What is h(10)?
-54
Let k(r) = -2*r**2 - 2*r - 10. What is k(0)?
-10
Let c(b) = -2*b**3 + 56*b**2 + b - 24. What is c(28)?
4
Let d(b) = -3*b - 3. Determine d(-6).
15
Let d(w) = -3*w**2 + 43*w - 159. What is d(4)?
-35
Let c(q) = -q**3 + 10*q**2 - 22*q + 11. Determine c(7).
4
Let n(k) = -k**2 - 15*k - 15. Give n(-14).
-1
Let w(x) = 5*x - 56. What is w(5)?
-31
Let d(f) = -49*f + 103. Give d(2).
5
Let t(m) = -4*m**2 + 6*m + 6. Calculate t(-5).
-124
Let j(f) = f**3 - f**2 - 4*f - 1. Give j(3).
5
Let w(b) = -b**3 - 8*b**2 - 5*b - 13. Give w(-7).
-27
Let l(f) = -f**3 - 3*f**2 + 2*f + 6. Calculate l(-4).
14
Let o(m) = -m**3 - 66*m**2 + 62*m - 343. What is o(-67)?
-8
Let h(b) = -b**3 + 13*b**2 - 11*b - 10. Determine h(12).
2
Let j(v) = -v**3 - 5*v**2 - 8*v - 8. Calculate j(-3).
-2
Let j(d) = -d**3 - 6*d**2 - 4*d + 5. Give j(-5).
0
Let v(u) = 6*u - 2. Calculate v(2).
10
Let h(t) = t**3 - 11*t**2 + 11*t - 4. Determine h(10).
6
Let j(q) = -q**2 + 7*q - 20. What is j(5)?
-10
Let b(k) = -46*k**3 - k**2 + k + 1. Determine b(-1).
45
Let l(b) = 14*b**3 + b + 1. Give l(-1).
-14
Let u(n) = n**3 - 9*n**2 + 19*n - 16. Give u(7).
19
Let m(x) = 2*x - 8. Calculate m(10).
12
Let i(h) = -h**2 + 6*h - 6. Calculate i(7).
-13
Let h(i) = 14*i - 7. What is h(1)?
7
Let q(t) = t**3 + 5*t**2 - 7*t + 1. What is q(-6)?
7
Let 